the prime factors of 4609831?
61, 75571
List the prime factors of 721770.
2, 3, 5, 7, 491
What are the prime factors of 861750?
2, 3, 5, 383
List the prime factors of 98242.
2, 49121
What are the prime factors of 235066?
2, 13, 9041
What are the prime factors of 763708?
2, 11, 17, 1021
What are the prime factors of 12881?
11, 1171
What are the prime factors of 11509353?
3, 1278817
What are the prime factors of 44742?
2, 3, 7457
List the prime factors of 77938.
2, 7, 19, 293
List the prime factors of 352897.
359, 983
List the prime factors of 290684.
2, 72671
List the prime factors of 2049495.
3, 5, 7, 131, 149
What are the prime factors of 1522461?
3, 191, 2657
What are the prime factors of 330611?
330611
List the prime factors of 327831.
3, 7, 67, 233
What are the prime factors of 710798?
2, 11, 32309
What are the prime factors of 8528902?
2, 41, 47, 2213
What are the prime factors of 2150408?
2, 13, 23, 29, 31
What are the prime factors of 1521995?
5, 19, 37, 433
What are the prime factors of 607640?
2, 5, 11, 1381
List the prime factors of 12978334.
2, 883, 7349
What are the prime factors of 348347?
17, 31, 661
List the prime factors of 24284.
2, 13, 467
What are the prime factors of 4634519?
29, 159811
What are the prime factors of 5480923?
7, 23, 59, 577
What are the prime factors of 11133599?
11133599
What are the prime factors of 8237694?
2, 3, 163, 8423
What are the prime factors of 3314422?
2, 17, 71, 1373
List the prime factors of 61794.
2, 3, 3433
What are the prime factors of 532930?
2, 5, 137, 389
List the prime factors of 21582122.
2, 1439, 7499
What are the prime factors of 435943?
233, 1871
What are the prime factors of 544164?
2, 3, 137, 331
List the prime factors of 2005665.
3, 5, 133711
List the prime factors of 12632707.
47, 268781
What are the prime factors of 7785205?
5, 1557041
What are the prime factors of 10663192?
2, 107, 12457
What are the prime factors of 418317?
3, 139439
What are the prime factors of 684992?
2, 7, 11, 139
What are the prime factors of 4624049?
19, 12809
What are the prime factors of 23731951?
23731951
What are the prime factors of 4081459?
4081459
What are the prime factors of 915813?
3, 107, 317
List the prime factors of 329115.
3, 5, 37, 593
List the prime factors of 255091.
79, 3229
List the prime factors of 36041980.
2, 5, 13, 67, 2069
List the prime factors of 5086926.
2, 3, 13, 21739
What are the prime factors of 30232?
2, 3779
List the prime factors of 2635668.
2, 3, 7, 10459
List the prime factors of 1287858.
2, 3, 11, 13, 19, 79
What are the prime factors of 330481?
563, 587
List the prime factors of 2243171.
7, 45779
List the prime factors of 1135928.
2, 141991
What are the prime factors of 38409?
3, 7, 31, 59
What are the prime factors of 512077?
401, 1277
List the prime factors of 1075316.
2, 11, 24439
List the prime factors of 1025504.
2, 73, 439
What are the prime factors of 389323?
11, 35393
List the prime factors of 2702758.
2, 373, 3623
List the prime factors of 603819.
3, 23, 2917
List the prime factors of 35446.
2, 37, 479
What are the prime factors of 183410?
2, 5, 18341
List the prime factors of 87447.
3, 103, 283
What are the prime factors of 636434?
2, 29, 10973
List the prime factors of 142446.
2, 3, 23741
List the prime factors of 5210586.
2, 3, 289477
What are the prime factors of 206662?
2, 191, 541
List the prime factors of 12181549.
2801, 4349
What are the prime factors of 3670423?
3670423
List the prime factors of 901174.
2, 450587
List the prime factors of 147492.
2, 3, 17, 241
List the prime factors of 11915849.
11, 137, 7907
List the prime factors of 8936228.
2, 7, 127, 359
What are the prime factors of 652017?
3, 217339
List the prime factors of 2880682.
2, 7, 205763
List the prime factors of 1273157.
1273157
List the prime factors of 10114698.
2, 3, 11, 331, 463
What are the prime factors of 493794?
2, 3, 7, 3919
List the prime factors of 894822.
2, 3, 293, 509
List the prime factors of 153257.
13, 11789
What are the prime factors of 443864?
2, 113, 491
List the prime factors of 184008.
2, 3, 11, 17, 41
What are the prime factors of 360611?
360611
List the prime factors of 743959.
37, 20107
What are the prime factors of 173646?
2, 3, 11, 877
List the prime factors of 626302.
2, 313151
List the prime factors of 11215326.
2, 3, 1869221
What are the prime factors of 14725704?
2, 3, 7, 23, 37, 103
List the prime factors of 22981983.
3, 613, 12497
List the prime factors of 262401.
3, 47, 1861
What are the prime factors of 339364?
2, 37, 2293
What are the prime factors of 12432?
2, 3, 7, 37
What are the prime factors of 771724?
2, 192931
What are the prime factors of 1010274?
2, 3, 163, 1033
What are the prime factors of 439825?
5, 73, 241
List the prime factors of 1548248.
2, 13, 14887
List the prime factors of 829644.
2, 3, 47, 1471
What are the prime factors of 24277213?
23, 1055531
List the prime factors of 5697989.
11, 517999
List the prime factors of 134922.
2, 3, 113, 199
List the prime factors of 4990336.
2, 13, 2999
What are the prime factors of 6280413?
3, 193, 10847
What are the prime factors of 298923?
3, 37, 2693
List the prime factors of 756689.
756689
List the prime factors of 13437113.
43, 211, 1481
What are the prime factors of 2574236?
2, 7, 89, 1033
List the prime factors of 265572.
2, 3, 2459
What are the prime factors of 2293764?
2, 3, 11, 17377
What are the prime factors of 450561?
3, 101, 1487
What are the prime factors of 108836?
2, 7, 13, 23
What are the prime factors of 2029300?
2, 5, 7, 13, 223
List the prime factors of 84939.
3, 23, 1231
What are the prime factors of 253717?
253717
What are the prime factors of 6464041?
6464041
List the prime factors of 177596.
2, 29, 1531
List the prime factors of 259970.
2, 5, 25997
List the prime factors of 414470.
2, 5, 7, 31, 191
What are the prime factors of 1653640?
2, 5, 41341
What are the prime factors of 3485713?
7, 11, 29, 223
What are the prime factors of 171122?
2, 7, 17, 719
What are the prime factors of 2055061?
2055061
List the prime factors of 40934.
2, 97, 211
What are the prime factors of 438083?
19, 23057
What are the prime factors of 660739?
17, 38867
What are the prime factors of 179312?
2, 7, 1601
What are the prime factors of 2773472?
2, 13, 59, 113
List the prime factors of 340789.
340789
List the prime factors of 132239.
223, 593
What are the prime factors of 448596?
2, 3, 17, 733
What are the prime factors of 1842669?
3, 7583
List the prime factors of 1776707.
89, 19963
What are the prime factors of 11884004?
2, 11, 163, 1657
List the prime factors of 982531.
11, 179, 499
List the prime factors of 34324.
2, 8581
List the prime factors of 15590.
2, 5, 1559
What are the prime factors of 7524077?
11, 684007
List the prime factors of 7014200.
2, 5, 17, 2063
List the prime factors of 543.
3, 181
What are the prime factors of 64040?
2, 5, 1601
What are the prime factors of 599040?
2, 3, 5, 13
What are the prime factors of 8339634?
2, 3, 463313
What are the prime factors of 17585673?
3, 7, 837413
List the prime factors of 920439.
3, 13, 7867
List the prime factors of 1691090.
2, 5, 263, 643
List the prime factors of 640684.
2, 11, 14561
List the prime factors of 8686183.
11, 789653
List the prime factors of 220032.
2, 3, 191
List the prime factors of 73255.
5, 7, 13, 23
What are the prime factors of 573967?
573967
List the prime factors of 202447.
7, 28921
What are the prime factors of 5800269?
3, 1933423
What are the prime factors of 218009?
11, 19819
What are the prime factors of 2051383?
2051383
List the prime factors of 232946.
2, 7, 2377
What are the prime factors of 328293?
3, 7, 193
What are the prime factors of 8769133?
8769133
List the prime factors of 4788326.
2, 2394163
What are the prime factors of 559286?
2, 7, 13, 439
List the prime factors of 1359122.
2, 679561
What are the prime factors of 1752895?
5, 31, 43, 263
What are the prime factors of 15563220?
2, 3, 5, 259387
What are the prime factors of 195901?
227, 863
What are the prime factors of 28087640?
2, 5, 7, 100313
What are the prime factors of 4443945?
3, 5, 11, 23, 1171
List the prime factors of 25195682.
2, 179, 70379
What are the prime factors of 5701241?
7, 13, 31, 43, 47
What are the prime factors of 4591834